 3*r + b = i, -3*i + 4*r = -18. What are the prime factors of i?
2
Suppose -4*u - 8 = -412. Suppose 2*t - u = 3*w + 51, w = 0. List the prime factors of t.
2, 19
Let i(d) be the first derivative of -7*d**2/2 + 7*d + 9. What are the prime factors of i(-8)?
3, 7
Let i = -6 - -10. Suppose 5*t - 2*w - 5 - 22 = 0, i*t + 5*w = 15. Suppose 2*l - 4*l + t = -3*f, 5*f - 50 = -5*l. What are the prime factors of l?
7
Suppose 0 = -3*u - 18 - 93. Let p = -12 - u. What are the prime factors of p?
5
Let i be 2/(-7) + (1638/49)/(-9). Let t(a) = -a**2 + 7*a + 6. Let h be t(7). List the prime factors of 2/i - (-333)/h.
5, 11
Let i be (110 - -15)*2*1. Let t = i + -65. Let q = t - 104. List the prime factors of q.
3
Let m be 18/(-27)*(3050/(-4) + 2). Let h = -316 + m. List the prime factors of h.
191
Let z be 10/(-45)*3*-3. Suppose b = 2*b - z. What are the prime factors of (-3 + -56)/(b + -3)?
59
Suppose -62*d + 28511 = -60087. What are the prime factors of d?
1429
What are the prime factors of (-206)/(-4)*-8*-1 + -3?
409
Suppose -5*z - 3*b = 2*b + 810, 6 = -2*b. Let d(t) = 4*t + 227. Let o be d(0). Let q = z + o. List the prime factors of q.
2, 17
What are the prime factors of 2*(-17478)/12*1/(-3)?
971
Let w(x) = 201*x - 132. What are the prime factors of w(12)?
2, 3, 5, 19
Let k = -20 - -10. List the prime factors of (-134)/k + (-24)/(-40).
2, 7
Let v be 5/((-15)/(-1881)) - -3. Suppose -c = -7*c + v. Suppose -3*r + c = 21. List the prime factors of r.
2, 7
List the prime factors of -6*(3230/(-5) + -13).
2, 3, 659
Suppose 4*x = -2*h + 3894, 9*h - 3*x - 5850 = 6*h. What are the prime factors of h?
1949
Suppose 0 = -4*s + 9*s - 1675. List the prime factors of s.
5, 67
Let d(u) = 2*u**3 + 6*u**2 + 4*u - 1. Let p(z) = z**2 + z. Let l(n) = -d(n) + 5*p(n). Let x be l(-1). What are the prime factors of 288/10 - x/(-5)?
29
Let s be (-24)/(-9)*18/4. Suppose 3*z - 5*z = -s. Suppose -z*f = -f - 95. List the prime factors of f.
19
Suppose 7*n = 4*n - 270. Suppose 3*r + 9 = 2*r. What are the prime factors of (-3400)/n - 2/r?
2, 19
Let h be (2/9 + 0)*(14 - 5). Suppose -h*g - 25 = -235. What are the prime factors of g?
3, 5, 7
Let n(o) = o**3 - 14*o**2 + 14*o - 10. Let v be n(13). Suppose -v*c + 12 = -45. What are the prime factors of c?
19
Let j be (-7 + 12)/((-5)/(-6)). Suppose -m - 5*w = -1, 0 = -2*m + j*w - w - 13. What are the prime factors of 590/20 - 2/m?
2, 3, 5
List the prime factors of (33*-48)/(-4)*42/18.
2, 3, 7, 11
Suppose -5*c = -0*d - 3*d + 31, 24 = -4*c + 2*d. Let s(a) = a**3 + 9*a**2 - 5*a + 7. List the prime factors of s(c).
2, 3, 11
What are the prime factors of (-298)/((3 - (-18)/(-12))/(-3))?
2, 149
Suppose 896 = 2*c - 748. List the prime factors of c.
2, 3, 137
Suppose -25625 = -15*x - 10*x. List the prime factors of x.
5, 41
Let c(u) = 21*u + 4*u - 2*u**3 + 0*u**3 - 5*u - 5*u**2. List the prime factors of c(-6).
2, 3, 11
Suppose -653 = -7*n - 37. List the prime factors of n.
2, 11
Suppose -5*b + 8*b - 42 = 0. Suppose -b*w + 845 = -37. List the prime factors of w.
3, 7
Let d be (-58)/4*(-2)/(-1). Let j = -7 - d. What are the prime factors of j?
2, 11
Let t = -1535 + 2156. What are the prime factors of t?
3, 23
Suppose -b + 3*j = b - 246, 3*b - 375 = 3*j. List the prime factors of b.
3, 43
Let q be 30/2*19/3. Suppose 315 = 4*n + q. List the prime factors of n.
5, 11
Suppose 1885 = 7*c - 12*c. What are the prime factors of c/(-4) - 6*4/96?
2, 47
Let q = 397 - 265. Suppose -9*v + q = -13*v. What are the prime factors of v/(-4)*(-2 + 6)?
3, 11
Suppose -4*l - 10*p = -5*p - 1370, -5*l + 1729 = -2*p. What are the prime factors of l?
3, 5, 23
What are the prime factors of 87 + (-1)/((-7)/14)?
89
Let g(z) = z**2 - 5*z + 11. Let m be g(8). What are the prime factors of (m/(-2))/7*-10?
5
Suppose 0 = 16*d - 4221 - 2115. What are the prime factors of d?
2, 3, 11
Suppose 0 = 7*n - 5*n - 3*f - 4499, 5*n + 3*f = 11279. What are the prime factors of n?
2, 7, 23
Suppose -5*j + 2945 = -3*h, -10*h + 14*h + 2945 = 5*j. List the prime factors of j.
19, 31
Suppose 0 = 2*a + 47 - 107. Suppose -23 - a = -v. What are the prime factors of v?
53
Suppose 18*z + 448 = 16*z. Let i = 435 + z. List the prime factors of i.
211
Suppose 4*a - 1700 = -2*r, -3*r = 12*a - 9*a - 1281. What are the prime factors of a?
3, 47
List the prime factors of (177/236)/(3/8632).
2, 13, 83
List the prime factors of (-68)/(-1) - (19 + -23).
2, 3
Let o(w) be the third derivative of w**5/60 + 5*w**4/24 + 2*w**3 + 4*w**2. What are the prime factors of o(-8)?
2, 3
Suppose 6*h - 30659 + 11195 = 0. What are the prime factors of h?
2, 811
Let b(l) = -l**2 + l**2 + 2*l**2 - 3*l - 4*l**2 + 1. Let x be b(1). Let i(o) = 4*o**2 + 7*o + 4. What are the prime factors of i(x)?
2, 5
Let d(k) = -11*k**2 + 4*k - 2. Let c be d(-4). Let b = c - -285. List the prime factors of b.
7, 13
Let c = -221 - -213. Let j be 223 - (2/(-2) + -1). List the prime factors of j/12 + (-2)/c.
19
Let h(r) = -r**3 - 4*r**2 + r + 4. Let d be h(-4). Suppose -3*y + 2*z + 33 = d, -42 = -3*y - z - 0*z. Let n = y - 5. List the prime factors of n.
2
Suppose -4*p + 3040 = -900. List the prime factors of p.
5, 197
Let j be (-1464)/(-3)*(-20)/(-32). Suppose -5*s - 2 = 2*l - 6, 0 = -4*s. Suppose l*h - j = -3*h. List the prime factors of h.
61
Suppose 0 = -3*n + 3*v + 9, 4*n = -v + 27 - 5. Suppose 4*x - n = 3. List the prime factors of (-64)/(-7) + x/(-14).
3
Let g = -1540 + 2321. What are the prime factors of g?
11, 71
Let g = -65 + 560. List the prime factors of g.
3, 5, 11
Let b(f) = 2*f**2 - 3*f - 3. Let g(l) = -l - 1. Let p(q) = b(q) - 6*g(q). List the prime factors of p(-5).
2, 19
Let n be ((-24)/20)/(6/(-20)). Let w be (-4)/8 + 34/n. List the prime factors of 270/w - 9/12.
3, 11
What are the prime factors of 17/(510/(-12))*1465*-1?
2, 293
Suppose -2*t - 117 + 5 = 0. Let h be t/16*(-4)/7. Suppose -2*x = c - 52, 0*c = h*c - 4*x - 80. What are the prime factors of c?
2, 23
Let b(a) = 7*a**2 - 5*a - 11. Let h be 87/18 - (-2)/12. List the prime factors of b(h).
139
Let g(s) = 22*s + 300. Let p(b) = 9*b + 120. Suppose k + 2*v + 19 = 6*k, -5*k + 31 = 2*v. Let r(y) = k*g(y) - 12*p(y). List the prime factors of r(0).
2, 3, 5
Suppose -6*w + 702 = -498. List the prime factors of w.
2, 5
Let p be 9 + 2*(-9)/6. Suppose 4*f - 22 = p. Suppose f*o - 84 = 4*o. What are the prime factors of o?
2, 7
Suppose 0 = -4*a - 4*t + 4556, 0 = -2*a + 3*t + 2*t + 2257. What are the prime factors of a?
2, 71
Let v = 1126 + -227. List the prime factors of v.
29, 31
Let w be 2/(-6) - 88/(-3). Suppose 0 = -3*j + w + 64. List the prime factors of j.
31
Let q = -10 + 14. Suppose q*x = -0*x + 16, 2*i = -2*x + 92. What are the prime factors of i?
2, 3, 7
Let x(m) be the third derivative of 23*m**4/24 - m**3/2 + 13*m**2. List the prime factors of x(4).
89
Suppose 3*n = 4*d - 49 + 413, -372 = 4*d - n. Let y = d - -136. What are the prime factors of y?
2, 3, 7
Suppose 4 = -2*q - 12. Let g(w) = -11*w - 16. List the prime factors of g(q).
2, 3
Suppose 3*h + 3 = -3*q - 3, -4*h = 8. Let b be (0 - (-4 - q)) + -2. List the prime factors of 0 + (1 - b) - -52.
3, 17
Let g be (-3 - -1) + -1 + 6. Suppose 0 = -a - g*a + 28. Let d(m) = m + 4. What are the prime factors of d(a)?
11
Suppose 4320 = 85*r - 67*r. What are the prime factors of r?
2, 3, 5
Let o = 18 + -13. Suppose o*l + z - 5*z = 16, -1 = -z. Suppose -l = -2*d + 84. List the prime factors of d.
2, 11
List the prime factors of 3 + (-2 - -393) + (-1 - -2).
5, 79
Let f be 27/9 - (4 - -1). Let m be 4 - ((-5 - f) + 9). List the prime factors of m*-18*2/8.
3
Suppose 3*f = -2*c - 5, -4*c + 4*f + 20 = -0*f. Suppose 3*l - 2*v = l + 2, 0 = -4*l + c*v + 12. What are the prime factors of l?
5
Let c be ((-7)/5)/(10/(-250)). Suppose 0 = s + 5*g - 0*g - c, 0 = 2*g. What are the prime factors of s?
5, 7
Let b = -81 - 161. Let s = b + 352. List the prime factors of s.
2, 5, 11
Let w = -8 - 13. List the prime factors of 223/3 + (7/1)/w.
2, 37
Let n be (-3)/(6/956)*10/(-20). Let y = -35 + n. What are the prime factors of y?
2, 3, 17
Let o(f) = f**3 - 8*f**2 + 11*f - 6. Suppose 0 = r - 7*r + 48. List the prime factors of o(r).
2, 41
Suppose -f + 12 = 2*x, 4*f - 44 = -f - 2*x. List the prime factors of (f + -4)/(2/58).
2, 29
Let o be 12/(-42) - (-86)/7. Let k